{"id":110,"date":"2024-11-18T13:25:57","date_gmt":"2024-11-18T13:25:57","guid":{"rendered":"https:\/\/tiendaultramarina.com\/?post_type=product&#038;p=110"},"modified":"2025-07-08T17:59:14","modified_gmt":"2025-07-08T17:59:14","slug":"amarus-quimeras-de-lawrence-carrasco","status":"publish","type":"product","link":"https:\/\/tiendaultramarina.com\/index.php\/producto\/amarus-quimeras-de-lawrence-carrasco\/","title":{"rendered":"Amarus &#038; Quimeras de Lawrence Carrasco"},"content":{"rendered":"<p><span data-sheets-root=\"1\">Lawrence Allan Carrasco Santaya<br \/>\n(Juanju\u00ed \u2013 Per\u00fa, 1966). M\u00e1ster en filosof\u00eda por Universidad Aut\u00f3noma de Madrid. Ha publicado los poemarios Carmina Prima \/ Pan con Pescao (1995), Embriaguez de los d\u00edas (2000), La Musa Insomne (2013); el ensayo Las Ideas Est\u00e9ticas de C\u00e9sar Vallejo (2005); as\u00ed como poemas y art\u00edculos en diarios y revistas del Per\u00fa. Es colaborador de la revista andina de cultura Sieteculebras, de Cusco. Vive en Espa\u00f1a desde 2005.<br \/>\n<\/span><\/p>\n","protected":false},"excerpt":{"rendered":"<div class=\"page\" title=\"Page 1\">\n<div class=\"section\">\n<div class=\"layoutArea\">\n<div class=\"column\">\n<p>Lawrence Carrasco se aferra a un propio lenguaje que al mismo tiempo tiene que ver con sus ori\u0301genes en la selva peruana, el proceso migratorio hacia Lima, los recuerdos de la juventud en San Marcos, los amigos, el arraigo en Espan\u0303a y todos los conflictos que ello implica. Si bien es cierto, un lector desprevenido no hara\u0301 caso a los coloquialismos, es necesario buscar esas palabras con las que nombramos las cosas desde nuestros pai\u0301ses y que en la poesi\u0301a buscan una forma de prolongacio\u0301n. Eso logra Carrasco en la primera parte del libro, para despue\u0301s sumergirse en bu\u0301squedas de tono ma\u0301s filoso\u0301fico y herme\u0301tico. Te invitamos a ti, lector, lectora, que le prestes atencio\u0301n al ti\u0301tulo del libro y busques a las deidades que nombra el poeta.<\/p>\n<\/div>\n<\/div>\n<\/div>\n<\/div>\n","protected":false},"featured_media":111,"comment_status":"open","ping_status":"closed","template":"","meta":[],"product_brand":[],"product_cat":[21],"product_tag":[],"class_list":{"0":"post-110","1":"product","2":"type-product","3":"status-publish","4":"has-post-thumbnail","6":"product_cat-poesia-ultramarina","8":"first","9":"instock","10":"shipping-taxable","11":"purchasable","12":"product-type-simple"},"_links":{"self":[{"href":"https:\/\/tiendaultramarina.com\/index.php\/wp-json\/wp\/v2\/product\/110","targetHints":{"allow":["GET"]}}],"collection":[{"href":"https:\/\/tiendaultramarina.com\/index.php\/wp-json\/wp\/v2\/product"}],"about":[{"href":"https:\/\/tiendaultramarina.com\/index.php\/wp-json\/wp\/v2\/types\/product"}],"replies":[{"embeddable":true,"href":"https:\/\/tiendaultramarina.com\/index.php\/wp-json\/wp\/v2\/comments?post=110"}],"wp:featuredmedia":[{"embeddable":true,"href":"https:\/\/tiendaultramarina.com\/index.php\/wp-json\/wp\/v2\/media\/111"}],"wp:attachment":[{"href":"https:\/\/tiendaultramarina.com\/index.php\/wp-json\/wp\/v2\/media?parent=110"}],"wp:term":[{"taxonomy":"product_brand","embeddable":true,"href":"https:\/\/tiendaultramarina.com\/index.php\/wp-json\/wp\/v2\/product_brand?post=110"},{"taxonomy":"product_cat","embeddable":true,"href":"https:\/\/tiendaultramarina.com\/index.php\/wp-json\/wp\/v2\/product_cat?post=110"},{"taxonomy":"product_tag","embeddable":true,"href":"https:\/\/tiendaultramarina.com\/index.php\/wp-json\/wp\/v2\/product_tag?post=110"}],"curies":[{"name":"wp","href":"https:\/\/api.w.org\/{rel}","templated":true}]}}

<p><span data-sheets-root="1">Lawrence Allan Carrasco Santaya<br />
(Juanjuí – Perú, 1966). Máster en filosofía por Universidad Autónoma de Madrid. Ha publicado los poemarios Carmina Prima / Pan con Pescao (1995), Embriaguez de los días (2000), La Musa Insomne (2013); el ensayo Las Ideas Estéticas de César Vallejo (2005); así como poemas y artículos en diarios y revistas del Perú. Es colaborador de la revista andina de cultura Sieteculebras, de Cusco. Vive en España desde 2005.<br />
</span></p>
