{"id":121,"date":"2024-11-18T13:45:35","date_gmt":"2024-11-18T13:45:35","guid":{"rendered":"https:\/\/tiendaultramarina.com\/?post_type=product&#038;p=121"},"modified":"2025-07-08T17:43:15","modified_gmt":"2025-07-08T17:43:15","slug":"el-incendio-del-reichstag-burning-of-reichstag-de-cristian-gomez-olivares","status":"publish","type":"product","link":"https:\/\/tiendaultramarina.com\/index.php\/producto\/el-incendio-del-reichstag-burning-of-reichstag-de-cristian-gomez-olivares\/","title":{"rendered":"El incendio del Reichstag \/ Burning of Reichstag de Cristian G\u00f3mez Olivares"},"content":{"rendered":"<p><span data-sheets-root=\"1\">Poeta y traductor. Ha publicado, entre otros t\u00edtulos, Alfabeto para nadie (Ediciones Fuga, Santiago, 2008), La casa de rotsky (La isla de Siltol\u00e1 ediciones, Sevilla, 2011), La nieve es nuestra (Ediciones Liliputienses, C\u00e1ceres, 2012, Ediciones Luces de G\u00e1libo, M\u00e1laga, 2015), El libro rojo (Edixiones Mantra, D.F., 2019; 2da. edici\u00f3n Editorial Aparte, Arica, 2023) y Yo, Norma Desmond (Editorial Deriva, Santiago, 2024). Tradujo los libros Cosmopolita (Ediciones Liliputienses, C\u00e1ceres, 2014) y Ciudad modelo (Ediciones Liliputienses, C\u00e1ceres, 2018), de Donna Stonecipher, la antolog\u00eda Yo sol\u00eda decir su nombre, de Carl Phillips (Editorial Aparte, Arica, 2022) y de M\u00f3nica de La Torre compil\u00f3 y tradujo Feliz a\u00f1o nuevo (Ediciones Luces de G\u00e1libo, M\u00e1laga, 2017). Junto a esta \u00faltima, public\u00f3 la antolog\u00eda Malditos latinos, malditos sudacas. Poes\u00eda hispanoamericana made in USA (Ediciones El Billar de Lucrecia, D.F., 2009). Es tambi\u00e9n autor de La poes\u00eda al poder. De Casa de Las Am\u00e9ricas a McNally Jackson (Editorial Cuarto Propio, Santiago, 2018). Fue miembro del International Writing Program, de la Universidad de Iowa, y Writer in Residence en el Banff Center for the Arts, en Alberta, Canada. Es Associate Editor de Cardboard House Press y profesor de literatura latinoamericana en Case Western Reserve University, en Cleveland, EE.UU., donde tambi\u00e9n reside. Co-dirige, junto a Edgardo Mantra, la editorial de poes\u00eda en traducci\u00f3n 51GLO V51NT1D\u00f35, de M\u00e9xico.<\/span><\/p>\n","protected":false},"excerpt":{"rendered":"<p><span data-sheets-root=\"1\">En El Incendio del Reichstag, Cristi\u00e1n G\u00f3mez Olivares explora los recovecos del tiempo y la memoria con una voz po\u00e9tica que desaf\u00eda la linealidad de la historia. Este libro biling\u00fce, traducido al inlg\u00e9s por Ariel Francisco, es una traves\u00eda l\u00edrica que entrelaza lo \u00edntimo, lo pol\u00edtico, lo personal y lo universal. Los poemas de Cristi\u00e1n G\u00f3mez recrean paisajes desolados, momentos de resistencia y una \u00e9pica del desencanto. Con im\u00e1genes que evocan la fragilidad y la fuerza, el autor examina los vestigios de un pasado, mientras busca significado en las ruinas de la modernidad. Esta obra no solo es un reflejo de la historia, sino una meditaci\u00f3n sobre el poder de la palabra para consumir como el fuego y a la vez reconstruir. El Incendio del Reichstag es un testimonio po\u00e9tico del siglo XX, a la vez que una pregunta urgente por el momento que vivimos.<br \/>\n<\/span><\/p>\n<p><span data-sheets-root=\"1\">In Burning of the Reichstag, Cristi\u00e1n G\u00f3mez Olivares delves into the meanders of time and memory, with a poetic voice that challenges History &#8216;s linearity. This bilingual book, translated into English by Ariel Francisco, is a lyrical journey that intertwines the political with the personal, the universal with the particular. Cristi\u00e1n G\u00f3mez&#8217;s poems recreate desolate landscapes, moments of resistance and the epic of disenchantment. Using images that recall fragility and strength at the same time, the author examines the remains of the past, while searching for meaning in modernity&#8217;s ruins. This work is more than the reflection of History, it is a meditation on the power of words to consume like fire and rebuild as well. Burning of the Reichstag is a poetic testimony of the XX century, but also an urgent question on the time we live.<br \/>\n<\/span><\/p>\n","protected":false},"featured_media":122,"comment_status":"open","ping_status":"closed","template":"","meta":[],"product_brand":[],"product_cat":[19],"product_tag":[],"class_list":{"0":"post-121","1":"product","2":"type-product","3":"status-publish","4":"has-post-thumbnail","6":"product_cat-bilingue-mar","8":"first","9":"instock","10":"shipping-taxable","11":"purchasable","12":"product-type-simple"},"_links":{"self":[{"href":"https:\/\/tiendaultramarina.com\/index.php\/wp-json\/wp\/v2\/product\/121","targetHints":{"allow":["GET"]}}],"collection":[{"href":"https:\/\/tiendaultramarina.com\/index.php\/wp-json\/wp\/v2\/product"}],"about":[{"href":"https:\/\/tiendaultramarina.com\/index.php\/wp-json\/wp\/v2\/types\/product"}],"replies":[{"embeddable":true,"href":"https:\/\/tiendaultramarina.com\/index.php\/wp-json\/wp\/v2\/comments?post=121"}],"wp:featuredmedia":[{"embeddable":true,"href":"https:\/\/tiendaultramarina.com\/index.php\/wp-json\/wp\/v2\/media\/122"}],"wp:attachment":[{"href":"https:\/\/tiendaultramarina.com\/index.php\/wp-json\/wp\/v2\/media?parent=121"}],"wp:term":[{"taxonomy":"product_brand","embeddable":true,"href":"https:\/\/tiendaultramarina.com\/index.php\/wp-json\/wp\/v2\/product_brand?post=121"},{"taxonomy":"product_cat","embeddable":true,"href":"https:\/\/tiendaultramarina.com\/index.php\/wp-json\/wp\/v2\/product_cat?post=121"},{"taxonomy":"product_tag","embeddable":true,"href":"https:\/\/tiendaultramarina.com\/index.php\/wp-json\/wp\/v2\/product_tag?post=121"}],"curies":[{"name":"wp","href":"https:\/\/api.w.org\/{rel}","templated":true}]}}