{"id":129,"date":"2024-11-18T14:01:43","date_gmt":"2024-11-18T14:01:43","guid":{"rendered":"https:\/\/tiendaultramarina.com\/?post_type=product&#038;p=129"},"modified":"2025-07-04T12:57:42","modified_gmt":"2025-07-04T12:57:42","slug":"la-tierra-se-levanta-mapa-geopoetico-de-sara-aquino-angelica-ambrosio-enna-osorio-montejo-haydee-ramos-cadena-yendi-ramos","status":"publish","type":"product","link":"https:\/\/tiendaultramarina.com\/index.php\/producto\/la-tierra-se-levanta-mapa-geopoetico-de-sara-aquino-angelica-ambrosio-enna-osorio-montejo-haydee-ramos-cadena-yendi-ramos\/","title":{"rendered":"La tierra se levanta, mapa Geopo\u00e9tico de Sara Aquino, Ang\u00e9lica Ambrosio, Enna Osorio Montejo, Haydee Ramos Cadena &#038; Yendi Ramos"},"content":{"rendered":"<p><span data-sheets-root=\"1\">La tierra se levanta, Mapa geopo\u00e9tico. En este mapa encontraremos las dulces y duras voces de cinco mujeres que nos hablan desde un cielo que parece se cae de v\u00edvido: Oaxaca, tierra desde donde nos invitan a explorar la carretera de las emociones de las ni\u00f1as y mujeres que somos. Un cuestionamiento a la vida y la palabra capaz de describir lo que cada una de estas poetas nos comparte.<\/span><\/p>\n","protected":false},"excerpt":{"rendered":"<p><span data-sheets-root=\"1\">La tierra se levanta, Mapa geopo\u00e9tico. En este mapa encontraremos las dulces y duras voces de cinco mujeres que nos hablan desde un cielo que parece se cae de v\u00edvido: Oaxaca, tierra desde donde nos invitan a explorar la carretera de las emociones de las ni\u00f1as y mujeres que somos. Un cuestionamiento a la vida y la palabra capaz de describir lo que cada una de estas poetas nos comparte.<br \/>\nEs un di\u00e1logo intenso y suave, una conversaci\u00f3n sobre amores, erotismo, cansancio, flores, p\u00e1jaros, voces en ingl\u00e9s; un concierto de gargantas que nombran sus calles. A veces agota- das, en duelo, o maravilladas ante la indiferencia, frente al dolor de los cuerpos femeninos. Cuando leo esto, que tan hondamente comparto, pienso que quiz\u00e1 nuestros cuerpos de mujer, a fuerza de ser torcidos, se enderezan. O nos toca la tarea de enderezarnos, y qu\u00e9 mejor forma de hacerlo que a trav\u00e9s de la poes\u00eda. Es necesario levantarse con la tierra para renombrarlo todo.<br \/>\nEste libro es un paseo que disfrutar\u00e1n y les cuestionar\u00e1 en el d\u00eda a d\u00eda, ilumin\u00e1ndolos con el sol de Oaxaca, que aparece entre las palabras como los majestuosos faldones y huipiles haci\u00e9ndonos vibrar con su multiplicidad de colores.<br \/>\nTANYA COS<\/span>\u00cdO<\/p>\n","protected":false},"featured_media":130,"comment_status":"open","ping_status":"closed","template":"","meta":[],"product_brand":[],"product_cat":[16],"product_tag":[],"class_list":{"0":"post-129","1":"product","2":"type-product","3":"status-publish","4":"has-post-thumbnail","6":"product_cat-mexico-ultramarino","8":"first","9":"instock","10":"shipping-taxable","11":"purchasable","12":"product-type-simple"},"_links":{"self":[{"href":"https:\/\/tiendaultramarina.com\/index.php\/wp-json\/wp\/v2\/product\/129","targetHints":{"allow":["GET"]}}],"collection":[{"href":"https:\/\/tiendaultramarina.com\/index.php\/wp-json\/wp\/v2\/product"}],"about":[{"href":"https:\/\/tiendaultramarina.com\/index.php\/wp-json\/wp\/v2\/types\/product"}],"replies":[{"embeddable":true,"href":"https:\/\/tiendaultramarina.com\/index.php\/wp-json\/wp\/v2\/comments?post=129"}],"wp:featuredmedia":[{"embeddable":true,"href":"https:\/\/tiendaultramarina.com\/index.php\/wp-json\/wp\/v2\/media\/130"}],"wp:attachment":[{"href":"https:\/\/tiendaultramarina.com\/index.php\/wp-json\/wp\/v2\/media?parent=129"}],"wp:term":[{"taxonomy":"product_brand","embeddable":true,"href":"https:\/\/tiendaultramarina.com\/index.php\/wp-json\/wp\/v2\/product_brand?post=129"},{"taxonomy":"product_cat","embeddable":true,"href":"https:\/\/tiendaultramarina.com\/index.php\/wp-json\/wp\/v2\/product_cat?post=129"},{"taxonomy":"product_tag","embeddable":true,"href":"https:\/\/tiendaultramarina.com\/index.php\/wp-json\/wp\/v2\/product_tag?post=129"}],"curies":[{"name":"wp","href":"https:\/\/api.w.org\/{rel}","templated":true}]}}