{"id":82,"date":"2024-11-18T12:35:20","date_gmt":"2024-11-18T12:35:20","guid":{"rendered":"https:\/\/tiendaultramarina.com\/?post_type=product&#038;p=82"},"modified":"2025-07-08T18:07:15","modified_gmt":"2025-07-08T18:07:15","slug":"voces-de-la-resistencia-de-sally-perret-y-jose-f-banuelos","status":"publish","type":"product","link":"https:\/\/tiendaultramarina.com\/index.php\/producto\/voces-de-la-resistencia-de-sally-perret-y-jose-f-banuelos\/","title":{"rendered":"Voces de la resistencia de Sally Perret y Jos\u00e9 F. Ba\u00f1uelos"},"content":{"rendered":"<p><span data-sheets-root=\"1\">\u00bfQui\u00e9nes son estas poetas? Mary Grueso Romero, Dionicia Moreno Aguirre, Lucrecia Panchano, Mirian D\u00edaz P\u00e9rez, Mar\u00eda Teresa Ram\u00edrez Nieva , Lorena Torres Herrera y Mar\u00eda Elcina Valencia C\u00f3rdoba. Todas proceden de la regi\u00f3n colombiana del Valle del Cauca y representan a varias generaciones de escritoras. De hecho, sus poemas, desde \u00abSiete\u00bb de Mirian D\u00edaz P\u00e9rez, \u00ab\u00bfAfr\u00edca, te vas?\u00bb de Mar\u00eda Teresa Ram\u00edrez Nieva, hasta \u00abSamba soy\u00bb de Lucrecia Panchano, defienden un movimiento feminista que busca afirmar su autonom\u00eda, para (re)construir su identidad y mostrar el conocimiento intelectual femenino como requisito previo para la producci\u00f3n literaria.<br \/>\nMientras muchos de los poemas de la antolog\u00eda tienen un tono festivo, varios invocan inquietudes hist\u00f3ricas que subrayan los sufrimientos de las comunidades afrocolombianas en el litoral de las regiones costeras del Pac\u00edfico, los abusos de los derechos civiles, el feminicidio, el desplazamiento forzado y los problemas ambientales. Poemas como \u00abNo llores manito\u00bb por Mary Grueso Romero y \u00abLa guerra quiere retirarse\u00bb por Mar\u00eda Teresa Ram\u00edrez Nieva reconstruyen la realidad de la opresi\u00f3n y el ostracismo en la comunidad afrocolombiana que anunci\u00f3 el pathos literario del siglo XX, como el escritor afrocolombiano Manuel Zapata Olivella. En 2016, varios escritores, entre ellos Grueso Romero y Mar\u00eda Elcina Valencia C\u00f3rdoba, formaron parte de un proyecto que sirvi\u00f3 para integrar las condiciones de mujeres negras en Colombia a trav\u00e9s de un punto de vista ecofeminista, junto a otros, como Zapata Olivella, cuya tem\u00e1tica se concentra en las intersecciones de las mujeres y el medio ambiente natural, exponiendo una preocupaci\u00f3n persistente por las incongruencias ecol\u00f3gicas en las comunidades afrocolombianas, como he argumentado anteriormente.<\/span><\/p>\n","protected":false},"excerpt":{"rendered":"<p><span data-sheets-root=\"1\">La Voces de la resistencia: Una antolog\u00eda biling\u00fce de poetas afrocolombianas ha sido posible gracias a la colaboraci\u00f3n de Sally Perret y Jos\u00e9 Ba\u00f1uelos\u2013Montes, quienes han reunido una colecci\u00f3n de poemas que entretejen la experiencia de las poetas negras en Colombia y su relaci\u00f3n con el mundo que las rodea. En sus poes\u00edas, estas mujeres inspiradas por el esp\u00edritu del Griot Africano, exponen sus vidas, familias, amores, muertes, luchas, triunfos, religiosidad y momentos l\u00fadicos, afianz\u00e1ndolos en la expresi\u00f3n palpable de la \u00abafrocolombianidad\u00bb.<br \/>\nPerret y Ba\u00f1uelos\u2013Montes han incluido en la antolog\u00eda una preponderancia de odas festivas y otros poemas basados en el imaginario derivado de \u00c1frica, pero el significado central de la antolog\u00edasigue siendo las mujeres afrocolombianas como sujetos, la inserci\u00f3n de sus voces en el canon literario colombiano, y la introducci\u00f3n de sus experiencias a una audiencia m\u00e1s amplia de lectores.<\/span><\/p>\n","protected":false},"featured_media":83,"comment_status":"open","ping_status":"closed","template":"","meta":[],"product_brand":[],"product_cat":[19],"product_tag":[],"class_list":{"0":"post-82","1":"product","2":"type-product","3":"status-publish","4":"has-post-thumbnail","6":"product_cat-bilingue-mar","8":"first","9":"instock","10":"shipping-taxable","11":"purchasable","12":"product-type-simple"},"_links":{"self":[{"href":"https:\/\/tiendaultramarina.com\/index.php\/wp-json\/wp\/v2\/product\/82","targetHints":{"allow":["GET"]}}],"collection":[{"href":"https:\/\/tiendaultramarina.com\/index.php\/wp-json\/wp\/v2\/product"}],"about":[{"href":"https:\/\/tiendaultramarina.com\/index.php\/wp-json\/wp\/v2\/types\/product"}],"replies":[{"embeddable":true,"href":"https:\/\/tiendaultramarina.com\/index.php\/wp-json\/wp\/v2\/comments?post=82"}],"wp:featuredmedia":[{"embeddable":true,"href":"https:\/\/tiendaultramarina.com\/index.php\/wp-json\/wp\/v2\/media\/83"}],"wp:attachment":[{"href":"https:\/\/tiendaultramarina.com\/index.php\/wp-json\/wp\/v2\/media?parent=82"}],"wp:term":[{"taxonomy":"product_brand","embeddable":true,"href":"https:\/\/tiendaultramarina.com\/index.php\/wp-json\/wp\/v2\/product_brand?post=82"},{"taxonomy":"product_cat","embeddable":true,"href":"https:\/\/tiendaultramarina.com\/index.php\/wp-json\/wp\/v2\/product_cat?post=82"},{"taxonomy":"product_tag","embeddable":true,"href":"https:\/\/tiendaultramarina.com\/index.php\/wp-json\/wp\/v2\/product_tag?post=82"}],"curies":[{"name":"wp","href":"https:\/\/api.w.org\/{rel}","templated":true}]}}