{"id":95,"date":"2024-11-18T13:00:31","date_gmt":"2024-11-18T13:00:31","guid":{"rendered":"https:\/\/tiendaultramarina.com\/?post_type=product&#038;p=95"},"modified":"2025-07-08T18:04:52","modified_gmt":"2025-07-08T18:04:52","slug":"al-fondo-sigue-parpadeando-el-mar-de-hernan-lavin-cerda","status":"publish","type":"product","link":"https:\/\/tiendaultramarina.com\/index.php\/producto\/al-fondo-sigue-parpadeando-el-mar-de-hernan-lavin-cerda\/","title":{"rendered":"Al fondo sigue parpadeando el mar de Hern\u00e1n Lav\u00edn Cerda"},"content":{"rendered":"<p><span data-sheets-root=\"1\">Hern\u00e1n Lav\u00edn Cerda (Santiago de Chile, 1939). Fue redactor y columnista en peri\u00f3dicos y revistas de Chile. En 1970 obtuvo el Premio Vicente Huidobro y fue becario del taller de Escritores dirigido por el poeta y ensayista Enrique Lihn en la Universidad Cat\u00f3lica de Chile. Reside en M\u00e9xico desde 1973.Se desempe\u00f1\u00f3 como maestro de la Facultad de Filosof\u00eda y Letras de la UNAM.<\/p>\n<p>A partir de 1992 es miembro de la Academia Chilena de la Lengua.Ha publicado una vasta obra de poes\u00eda,ensayo y narrativa de ficci\u00f3n.Sus textos aparecen en antolog\u00edas de Am\u00e9rica Latina, Estados Unidos, Italia y Espa\u00f1a.<\/span><\/p>\n","protected":false},"excerpt":{"rendered":"<p>Siguiendo el consejo que un sabio aimara le diera a Vicente Huidobro, Lav\u00edn Cerda no canta a la lluvia: hace llover.<\/p>\n<p>Parece una obviedad, pero con frecuencia entre la intelectualidad se olvida que accedemos al mundo a trav\u00e9s de los sentidos, por medio de un est\u00edmulo f\u00edsico. El poeta en vez de soslayar el fen\u00f3meno lo subraya: la palabra po\u00e9tica es, lo primero, un cuerpo sonoro. Sus poemas equivalen a la estridulaci\u00f3n de los grillos, un concierto indescifrable que acompa\u00f1a la contemplaci\u00f3n de un paisaje invisible. Se trata de la emotividad que surge por la magia de lo ac\u00fastico: gozar el ritmo como en un baile y dejarse estremecer por las tonalidades de la lengua en su libre articulaci\u00f3n.<\/p>\n<p>Mientras busca el equilibrio entre lo sonoro y lo sem\u00e1ntico, Lav\u00edn Cerda da con hallazgos de explorador en una selva ignota: aparecen im\u00e1genes verbales que desconciertan, o ideas impensables desde la l\u00f3gica cotidiana que limita el pie al zapato. Son las ventajas de atreverse a descubrir el mundo con la lengua (ala \u00fanica con la que contamos) y no con la cabeza. El poema laviniano deja una huella en el aire muy semejante al hueco que deja la luz despu\u00e9s de mostrar un sendero. La sombra no llena su ausencia. Algo queda flotando, reverberando, palpitando. Al parecer, la revelaci\u00f3n es instant\u00e1nea pero tambi\u00e9n es eterna. Cada poema es una pavesa cuya lectura insufla aire a la gran hoguera po\u00e9tica de los enigmas y los misterios.<\/p>\n<p>Mois\u00e9s Villase\u00f1or<\/p>\n","protected":false},"featured_media":96,"comment_status":"open","ping_status":"closed","template":"","meta":[],"product_brand":[],"product_cat":[21],"product_tag":[],"class_list":{"0":"post-95","1":"product","2":"type-product","3":"status-publish","4":"has-post-thumbnail","6":"product_cat-poesia-ultramarina","8":"first","9":"instock","10":"shipping-taxable","11":"purchasable","12":"product-type-simple"},"_links":{"self":[{"href":"https:\/\/tiendaultramarina.com\/index.php\/wp-json\/wp\/v2\/product\/95","targetHints":{"allow":["GET"]}}],"collection":[{"href":"https:\/\/tiendaultramarina.com\/index.php\/wp-json\/wp\/v2\/product"}],"about":[{"href":"https:\/\/tiendaultramarina.com\/index.php\/wp-json\/wp\/v2\/types\/product"}],"replies":[{"embeddable":true,"href":"https:\/\/tiendaultramarina.com\/index.php\/wp-json\/wp\/v2\/comments?post=95"}],"wp:featuredmedia":[{"embeddable":true,"href":"https:\/\/tiendaultramarina.com\/index.php\/wp-json\/wp\/v2\/media\/96"}],"wp:attachment":[{"href":"https:\/\/tiendaultramarina.com\/index.php\/wp-json\/wp\/v2\/media?parent=95"}],"wp:term":[{"taxonomy":"product_brand","embeddable":true,"href":"https:\/\/tiendaultramarina.com\/index.php\/wp-json\/wp\/v2\/product_brand?post=95"},{"taxonomy":"product_cat","embeddable":true,"href":"https:\/\/tiendaultramarina.com\/index.php\/wp-json\/wp\/v2\/product_cat?post=95"},{"taxonomy":"product_tag","embeddable":true,"href":"https:\/\/tiendaultramarina.com\/index.php\/wp-json\/wp\/v2\/product_tag?post=95"}],"curies":[{"name":"wp","href":"https:\/\/api.w.org\/{rel}","templated":true}]}}